{"id":9,"date":"2014-03-05T09:53:40","date_gmt":"2014-03-05T07:53:40","guid":{"rendered":"http:\/\/www.ing-buero-peters.de\/?page_id=9"},"modified":"2014-03-06T10:25:49","modified_gmt":"2014-03-06T08:25:49","slug":"ueber-uns","status":"publish","type":"page","link":"https:\/\/www.ing-buero-peters.de\/?page_id=9","title":{"rendered":"\u00dcber uns"},"content":{"rendered":"<p>Aus dem \u201eG\u00fcstrower Jahrbuch 2007\u201c&#8230;<br \/>\nJochen Peters<br \/>\nOewer n&#8216; Ingenieurb\u00fcro<\/p>\n<p>Ik bl\u00e4der grad noch mal in dat G\u00fcstrower Johrbauck 2007 un bekiek mi de Monatsbiller. Dor fin ik Br\u00fcggen aller Ort. Dorbi denk ik mi so, frag&#8217;doch mal dien&#8216; Jung, wegger Br\u00fcggen hei in uns Gegend buugt het, ik mein, wecker hei tau Papier br\u00f6cht het un wat hei mit sin L\u00fcd noch so bedrieben deit.<\/p>\n<p>Min Soehn is mit sin Ingenieurb\u00fcro siet 1995 in Moehlengeez tau Hus. To viert gahn sei dor tosamen d\u00f6rch \u201eDick un D\u00fcnn\u201c, \u00fcmmer v\u00f6ran, so as dat sin m\u00f6\u00f6t, ehr Chef, uns Soehn, Dipl.-Ing. Uwe Peters. Dor schwellt mi orrig de Kamm, wenn ik dat h\u00fcr &#8211; un Mudders ok.<\/p>\n<p>Updr\u00e4g kamen ut alle Gegend, taumierst ut Nuurdd\u00fctschland. Dat s\u00fcnd Projekte f\u00f6r Hotels, B\u00fcro- un Gesch\u00e4ftsh\u00fcser, Industriehallen un s\u00fcnstige Konstruktionen, Einfamilienh\u00fcser, Br\u00fcggen un Br\u00fcggenreparaturen, -Sanierung seggt man ja h\u00fct. Un dortau kamen v\u00e4le l\u00fctte Saken, as Br\u00fcggengel\u00e4nner, Finstergitter, Dur un Durposten un noch v\u00e4l mihr.<\/p>\n<p>Min Jung vertellt mi: So hebben wi f\u00f6r n&#8216; Deel Br\u00fcggen oewer den&#8216; Stadtgraben in G\u00fcstrow de Projekte maakt un bi de Arbeiten ok na&#8217;n Rechten keken. V\u00e4l Arbeit maakte de Hageb\u00f6cker- un de Pierdmarktbr\u00fcgg. De s\u00fcnd nu Standfast un passen gaud in&#8217;t Stadtbild, grad so, un dorvon heff ik mi oewert\u00fcgt, as de Fautg\u00e4ngerbr\u00fcgg von de Wallstraat na de Lindenstraat.<\/p>\n<p>Ik dacht mi \u00fcmmer, de Br\u00fcggen hebben blots Namen, so Swins-Br\u00fcgg, Kauh-Br\u00fcgg orrer Hoch-Br\u00fcgg, ne, de hebbt&#8216; ok Nummern!<br \/>\nDicht bi, so vertellt hei mi, hebben&#8217;s in de letzt Tied ne Br\u00fcgg in Lissow, un ein Autobahnbr\u00fcgg oewer de Bahngleisen bi Glasewitz projektiert. Up stunn&#8217;s hebbt se ne Br\u00fcgg oewer de A 24 bi Kogel na Sleswig-Hollstein in&#8217;e Mak.<\/p>\n<p>Dat se nich blots Br\u00fcggen, sunnern ok Wahnh\u00fcser, grot un l\u00fctt, ja sogor n&#8216; Pierdstall plant hebbt, dat heff ik mi in uns \u00dcmgegend beseihn.<\/p>\n<p>Ein ganz groot Ding wir f\u00f6r dat B\u00fcro de Arbeit an den&#8217;n Entwurf un dat Projekt \u201eYachthafen- Residenz\u201c in Warnem\u00fcn&#8216;-Hohe D\u00fcne. Dat is schon wat, bi so&#8217;n Objekt dorbi tau sin.<\/p>\n<p>Ja, un noch wat: Dat Ingnieurb\u00fcro treckt in&#8216; Januar 2008 von Moehlengeez na G\u00fcstrow in&#8216; Fischerweg \u00fcm!<\/p>\n<p>Wenn se mal H\u00fclp bruken, bi ne Saak, de ok fast stahn sall &#8211; ne Statik dorf\u00f6r kriegen se dor ok &#8211; orrer irgend n&#8216; H\u00fcsung \u00fcmbuugen wullt, dat B\u00fcro hett bestimmt n&#8216; gauden Infall!<\/p>\n","protected":false},"excerpt":{"rendered":"<p>Aus dem \u201eG\u00fcstrower Jahrbuch 2007\u201c&#8230; Jochen Peters Oewer n&#8216; Ingenieurb\u00fcro Ik bl\u00e4der grad noch mal in dat G\u00fcstrower Johrbauck 2007 un bekiek mi de Monatsbiller. Dor fin ik Br\u00fcggen aller Ort. Dorbi denk ik mi so, frag&#8217;doch mal dien&#8216; Jung, wegger Br\u00fcggen hei in uns Gegend buugt het, ik mein, wecker hei tau Papier br\u00f6cht &hellip; <a href=\"https:\/\/www.ing-buero-peters.de\/?page_id=9\" class=\"more-link\"><span class=\"screen-reader-text\">\u00dcber uns<\/span> weiterlesen <span class=\"meta-nav\">&rarr;<\/span><\/a><\/p>\n","protected":false},"author":1,"featured_media":0,"parent":0,"menu_order":0,"comment_status":"closed","ping_status":"closed","template":"","meta":{"footnotes":""},"class_list":["post-9","page","type-page","status-publish","hentry"],"_links":{"self":[{"href":"https:\/\/www.ing-buero-peters.de\/index.php?rest_route=\/wp\/v2\/pages\/9","targetHints":{"allow":["GET"]}}],"collection":[{"href":"https:\/\/www.ing-buero-peters.de\/index.php?rest_route=\/wp\/v2\/pages"}],"about":[{"href":"https:\/\/www.ing-buero-peters.de\/index.php?rest_route=\/wp\/v2\/types\/page"}],"author":[{"embeddable":true,"href":"https:\/\/www.ing-buero-peters.de\/index.php?rest_route=\/wp\/v2\/users\/1"}],"replies":[{"embeddable":true,"href":"https:\/\/www.ing-buero-peters.de\/index.php?rest_route=%2Fwp%2Fv2%2Fcomments&post=9"}],"version-history":[{"count":2,"href":"https:\/\/www.ing-buero-peters.de\/index.php?rest_route=\/wp\/v2\/pages\/9\/revisions"}],"predecessor-version":[{"id":19,"href":"https:\/\/www.ing-buero-peters.de\/index.php?rest_route=\/wp\/v2\/pages\/9\/revisions\/19"}],"wp:attachment":[{"href":"https:\/\/www.ing-buero-peters.de\/index.php?rest_route=%2Fwp%2Fv2%2Fmedia&parent=9"}],"curies":[{"name":"wp","href":"https:\/\/api.w.org\/{rel}","templated":true}]}}